18
Let b(p) = p**3 - 10*p**2 - 154*p - 387. What is b(-5)?
8
Let a(f) = -10*f - 380. Calculate a(-36).
-20
Let a(r) = 1155*r + 67979. Determine a(-59).
-166
Let c(o) = -7920*o + 31078. Give c(4).
-602
Let m(r) = r**2 + 344*r + 27109. Give m(-219).
-266
Let g(y) = 19*y - 4507. Give g(215).
-422
Let y(j) = j**2 - 41614*j + 291243. Determine y(7).
-6
Let l(j) = j**2 - 19693*j - 256182. What is l(-13)?
-4
Let g(i) = 45222*i - 8139967. Give g(180).
-7
Let u(n) = -4*n**3 - 15*n**2 - n - 97. Calculate u(0).
-97
Let v(t) = 34*t + 2203. What is v(-49)?
537
Let i(w) = 8*w**2 + 1020*w + 14977. Give i(-17).
-51
Let a(r) = -17511*r + 17217. Determine a(1).
-294
Let c(s) = 1461*s - 23327. What is c(16)?
49
Let z(m) = 13*m**3 - 11*m**2 - 43*m + 294. What is z(5)?
1429
Let m(l) = -5915*l - 3897998. Determine m(-659).
-13
Let o(d) = 8011*d - 15988. Give o(2).
34
Let y(q) = 358*q**2 + 162817*q - 33217. Give y(-455).
-2
Let q(t) = 677*t + 26509. What is q(-39)?
106
Let y(p) = p**3 + 28*p**2 + 55*p + 85. Give y(-23).
1465
Let c(a) = 144*a + 11208. Give c(-69).
1272
Let p(a) = 4*a**3 - 1076*a**2 + 984*a + 23590. Determine p(268).
6
Let f(h) = 16*h**3 - 18*h**2 + 64*h - 65. What is f(2)?
119
Let d(q) = -q**3 - 19*q**2 + 2257*q + 205. Determine d(39).
10
Let r(z) = -4*z**2 - 2235*z - 98062. What is r(-48)?
2
Let v(a) = 2661*a + 463008. Calculate v(-174).
-6
Let n(d) = 9*d**3 - 63*d**2 + 129*d - 835. What is n(7)?
68
Let a(b) = -2*b**3 - 3*b**2 + 143*b - 319. Calculate a(6).
-1
Let m(j) = -j**2 + 370*j + 127395. Determine m(-217).
16
Let m(d) = 920165*d - 18403309. Determine m(20).
-9
Let j(f) = 8*f**3 + 4*f**2 - 282*f - 898. Determine j(-3).
-232
Let a(y) = 104*y - 11146. Calculate a(111).
398
Let u(l) = -2*l**3 - 12*l**2 - 278*l - 2243. Calculate u(-7).
-199
Let c(i) = -136226*i + 25338039. Determine c(186).
3
Let m(f) = -241729*f**2 + 725194*f + 7. Give m(3).
28
Let r(i) = -2*i**3 - 8*i**2 - 9*i + 2. Give r(-6).
200
Let f(w) = -5581*w**2 - 2360765*w - 843. Determine f(-423).
3
Let q(d) = -2219*d - 12670. What is q(-6)?
644
Let f(q) = -q**2 + 478*q + 6309. What is f(-13)?
-74
Let h(y) = -23*y**3 - 5*y**2 + 64*y + 64. Give h(-1).
18
Let z(o) = 3*o**2 - 97*o - 3270. Calculate z(-26).
1280
Let d(j) = -33*j**3 + 141*j**2 + 18*j - 15. Calculate d(5).
-525
Let z(h) = -115380*h - 1038430. Calculate z(-9).
-10
Let o(d) = d**2 + 128*d - 35232. What is o(-259)?
-1303
Let j(q) = -132644*q - 132641. Give j(-1).
3
Let w(d) = -d**2 - 398*d - 15597. Determine w(-354).
-21
Let l(v) = 2*v**3 + 245*v**2 - 273*v - 18455. Determine l(-123).
-5
Let z(x) = x**3 + 151*x**2 + 5174*x + 49305. Give z(-27).
3
Let a(m) = m**2 - 7792*m - 321334. Calculate a(-41).
-181
Let b(x) = 138098*x + 2899988. What is b(-21)?
-70
Let x(h) = h**3 + 3*h**2 - 105*h + 92. Determine x(0).
92
Let a(b) = -391*b - 3762. Give a(-9).
-243
Let o(m) = 2*m**3 - 15*m**2 + 264*m - 1467. Determine o(6).
9
Let h(s) = 10415*s + 427027. Give h(-41).
12
Let q(w) = -4*w**3 - 44*w**2 - 75*w + 1351. Calculate q(-11).
2176
Let k(v) = -3*v**3 - 1018*v**2 - 1350*v + 641. Determine k(-338).
-35
Let a(d) = 2*d**3 + 2*d**2 + 14718*d - 29457. What is a(2)?
3
Let r(m) = -2*m**3 + 427*m**2 + 787*m - 30542. Give r(215).
-12
Let f(k) = k**3 - 19*k**2 - 1442*k + 5907. Determine f(47).
-15
Let b(a) = a**2 - 44*a - 631. Give b(-11).
-26
Let j(w) = 2*w**2 + 90*w + 800. Determine j(-30).
-100
Let y(m) = 15651*m + 2723283. Calculate y(-174).
9
Let b(c) = -8*c**2 - 371*c + 3978. Determine b(9).
-9
Let b(p) = 22*p**2 - 2420*p - 4832. What is b(-2)?
96
Let k(l) = -l**3 - 65*l**2 - 153*l - 1746. Give k(-63).
-45
Let y(o) = -722*o - 59435. Calculate y(-82).
-231
Let w(c) = 49*c**2 + 1279*c + 8169. Determine w(-15).
9
Let f(t) = -t**3 + 33*t**2 + 783*t + 78. Calculate f(49).
29
Let t(s) = -s**2 - 1249*s - 11173. Calculate t(-9).
-13
Let f(h) = 16059*h - 289015. Give f(18).
47
Let s(d) = -203*d**2 - 2459*d - 185. Determine s(-12).
91
Let a(n) = -2*n**3 - 51*n**2 - 122*n - 86. Give a(-23).
75
Let t(a) = 93*a + 1934. Determine t(-24).
-298
Let g(t) = -11691*t + 9539866. Determine g(816).
10
Let w(k) = -253*k + 36573. Calculate w(144).
141
Let b(j) = 3*j**2 + 4*j - 161. Give b(10).
179
Let s(c) = -c**3 + 7*c**2 - 87*c - 482. Give s(-4).
42
Let s(c) = 108*c + 20324. Calculate s(-188).
20
Let b(v) = -v**2 - 84*v + 1795. Calculate b(-69).
2830
Let n(j) = -2*j**3 - 58*j**2 + 92466*j - 1208. Determine n(201).
-2
Let j(w) = 879*w - 1223. Determine j(-1).
-2102
Let g(p) = -4358*p + 102989. Calculate g(24).
-1603
Let v(w) = 4648*w + 33722. Determine v(-8).
-3462
Let f(b) = -101*b**2 - 4058*b - 7787. What is f(-2)?
-75
Let s(k) = -1704*k - 1092. Give s(0).
-1092
Let u(h) = 124768*h + 2370672. Determine u(-19).
80
Let n(t) = -19*t**3 - t**2 - 4*t - 17. Calculate n(-2).
139
Let h(m) = 1051*m**2 - 54638*m - 729. Give h(52).
-1
Let p(r) = 2*r**3 - r**2 + 6742*r - 13499. Determine p(2).
-3
Let n(i) = i**2 + 50*i - 3403. Give n(-91).
328
Let z(j) = -24*j**3 + 1080*j**2 - 2063*j - 9. What is z(2)?
-7
Let v(u) = -4*u**2 + 289*u - 1066. What is v(48)?
3590
Let h(l) = -1926*l - 38579. What is h(-20)?
-59
Let g(b) = b**3 - 119*b**2 - 365*b + 1. Calculate g(-3).
-2
Let w(b) = -331*b**2 + 128*b - 277. Determine w(2).
-1345
Let m(c) = 1417*c + 13307. What is m(-9)?
554
Let f(t) = 538*t**2 + 3111*t + 2107. Determine f(-5).
2
Let y(l) = -5858*l + 35155. Determine y(6).
7
Let k(x) = 115*x - 29204. Calculate k(254).
6
Let l(k) = -6*k**2 + 13355*k - 40086. Give l(3).
-75
Let f(c) = c**3 + 164*c**2 + 647*c + 863. Give f(-160).
-257
Let z(g) = g**2 - 5880*g + 35243. Give z(6).
-1
Let c(h) = h**2 + 40*h + 170. Determine c(-16).
-214
Let k(z) = -69*z**3 - z**2 + 1047*z + 1049. Calculate k(-1).
70
Let p(x) = -6*x**2 + 275*x + 125. Determine p(45).
350
Let h(x) = 2*x**3 + 545*x**2 + 3952*x - 6102. Calculate h(-265).
-7
Let y(x) = -163*x - 1255. Determine y(-9).
212
Let f(j) = -j**3 + 2*j**2 - 1638*j - 11546. What is f(-7)?
361
Let r(x) = -7*x**3 - 3571*x**2 - 472*x + 19379. What is r(-510)?
-1
Let l(n) = 203324*n + 406677. Determine l(-2).
29
Let l(p) = p**3 - 84*p**2 + 80*p - 6876. Determine l(84).
-156
Let r(w) = 31388*w + 910272. Calculate r(-29).
20
Let s(j) = -1443*j - 59104. What is s(-41)?
59
Let x(f) = 5*f**3 + 115*f**2 + 6*f - 53. Give x(-23).
-191
Let a(h) = -196*h**2 + 2029*h - 682. Calculate a(10).
8
Let p(a) = -2*a**2 + 52*a - 128. Determine p(19).
138
Let t(q) = -15436*q - 4383857. What is t(-284)?
-33
Let q(j) = -j**3 - 159*j**2 + 156*j - 465. Determine q(-160).
175
Let y(i) = -i**2 - 52*i - 273. Determine y(-42).
147
Let v(m) = -16454*m + 81318. What is v(5)?
-952
Let i(h) = -2712*h + 86781. What is i(32)?
-3
Let a(f) = 15*f - 1105. Calculate a(39).
-520
Let z(n) = 3*n**2 - 30*n - 212. Give z(-6).
76
Let m(l) = -2999*l - 1136603. Give m(-379).
18
Let q(a) = 16*a**2 + 200*a + 38. What is q(-12)?
-58
Let w(s) = -36*s**3 + 230*s**2 + 1810*s + 190. What is w(11)?
14
Let k(r) = 4732*r + 170357. Calculate k(-36).
5
Let n(g) = -50619*g + 607448. Calculate n(12).
20
Let c(g) = 5*g**3 - 7*g**2 - 4*g + 73. Give c(-5).
-707
Let d(c) = -2*c**2 + 2040*c - 32124. Give d(1004).
4
Let l(c) = -c**2 + 1282*c - 146707. Give l(127).
-22
Let d(w) = -26076*w + 43155782. Calculate d(1655).
2
Let d(f) = 2*f**2 - 122*f - 1941. Determine d(67).
-1137
Let i(o) = -24047*o + 264487. Determine i(11).
-30
Let n(u) = u**3 + 210*u**2 - 1625*u - 164559. Give n(-214).
7
Let x(s) = -21*s**3 - 191*s**2 + 7*s + 189. What is x(-9)?
-36
Let g(p) = 7*p**2 - 216*p + 1301. Determine g(23).
36
Let h(v) = v**2 - 42*v + 265. What is h(17)?
-160
Let a(y) = -2*y**3 - 22*y**2 - 40*y + 54. Calculate a(-8).
-10
Let t(s) = 11*s**3 - 253*s**2 + 141*s + 50. Give t(22).
-2172
Let u(w) = -6*w**2 + 146*w - 462. What is u(25)?
-562
Let s(f) = -8989*f + 117312. Determine s(13).
455
Let t(f) = -168*f + 107834. Calculate t(642).
-22
Let p(i) = -135601*i + 2712029. Give p(20).
9
Let h(u) = -27*u**2 + 2378*u - 11900. Determine h(5).
-685
Let s(m) = -m**3 + 52*m**2 - 296*m + 2872. Give s(47).
5
Let o(i) = 277*i**3 - 7*i**2 + 176*i + 177. Give o(-1).
-283
Let w(o) = -179186*o + 358361. Determine w(2).
-11
Let s(u) = 4*u**2 + 109*u - 1506. What is s(10)?
-16
Let z(v) = -v**2 - 6308*v + 69563. Determine z(11).
54
Let f(p) = -17*p**2